et v(h) = -4*h**3 - 31*h**2 - 186*h + 20. What is the thousands digit of v(-17)?
3
Let t be 2/6*6*2. Suppose -5*c - t*s = 55, -2*c + 5 = -5*s - 6. What is the units digit of (1 - 0)/(c*(-2)/1190)?
5
Let k be (4 + -4)/((-6)/((-12)/2)). Suppose 16*c - 8 - 26840 = k. What is the thousands digit of c?
1
Suppose 69279 + 258366 = 20*z - 5*z. What is the tens digit of z?
4
Suppose 5*m - 20 = 7*m. Let n be 0/(-2) + 14 + m. Suppose -4*g + 2*q + 484 = q, -4*q = -n*g + 472. What is the units digit of g?
2
Suppose 24*z = 280 + 6080. Let h = z - 208. What is the units digit of h?
7
Let g(t) = 1313*t + 8682. What is the ten thousands digit of g(18)?
3
Suppose -35*x + 106770 = -5*x. Suppose -3*k + 4*h = 2*k - x, k + 4*h = 731. What is the hundreds digit of k?
7
Let t = 42283 - 19836. What is the hundreds digit of t?
4
Let z be (-3 + -29)/8 - -6. Suppose -z*q - 3*g - 179 + 2199 = 0, 0 = 4*q - 5*g - 4084. What is the hundreds digit of q?
0
Let w be 40/30 - (-15100)/6. Suppose 10*d + 668 - w = 0. What is the units digit of d?
5
Let h = 172 + -163. Suppose 0 = -h*k + 2079 - 369. What is the hundreds digit of k?
1
Let r(k) = -k**3 - 21*k**2 + 20*k - 146. Let z(v) = -2*v**2 + 39*v + 39. Let n be z(21). What is the units digit of r(n)?
2
Let f(v) = 419*v**2 - 7*v - 6. Let u be -3 - (6 - 7)*2. What is the hundreds digit of f(u)?
4
Let s(t) be the first derivative of -t**4/24 + 5*t**3/2 - 19*t**2/2 + 4. Let g(c) be the second derivative of s(c). What is the units digit of g(-14)?
9
Suppose 2*l = 4*i - 17778, -4*l - 85 + 4543 = i. What is the units digit of i?
6
Let z(g) = g**3 - 15*g**2 + 14*g + 5. Let m be z(14). Suppose 0 = -8*f - m*f + 10231. What is the hundreds digit of f?
7
Let r(t) = -5*t + 1942. What is the thousands digit of r(-13)?
2
Suppose 45*f = 36*f + 432. Suppose f*s - 46*s = 628. What is the units digit of s?
4
Let w be (12/(-10))/((-16)/40). Suppose -c - 1 = -b, w*c = 2*b + 2*c - 7. What is the tens digit of (80/(-15))/(b/(-63))?
5
Let y = -52 - 7. Let o = y + 59. Suppose 5*k + 20 = 0, -3*n + o*k = 3*k - 90. What is the tens digit of n?
3
What is the units digit of -2*(12/16)/1*2 - -16993?
0
Let x(t) = 617*t + 362. What is the thousands digit of x(15)?
9
Suppose 581 = 3*j - 5*m, -3*j - 21*m + 18*m + 597 = 0. Suppose 3*l - 661 - j = 0. What is the hundreds digit of l?
2
Let z be 1 - (-6)/(-10) - 242/55. Let n(p) = p**3 - 3*p**2 - 16*p - 5. Let o be n(z). Let j = -16 - o. What is the units digit of j?
7
Let v = 523 - 835. What is the tens digit of 3*(-26192)/v + (-2)/(-13)?
5
Suppose -y + 4*z = -7076 + 1692, 4*z + 4 = 0. What is the tens digit of y?
8
Let g(h) = -2*h**3 + 9*h**2 - 5*h - 14. Let f be g(-18). What is the hundreds digit of 5/(-2)*f/(-80)?
4
Let r(v) = -777*v + 730. What is the thousands digit of r(-18)?
4
Let m(y) = 10*y + 7. Let g be m(3). Let u(s) = 37*s - g*s - 4 - 89*s. What is the units digit of u(-2)?
4
Let l(d) = 653*d**2 + 16*d - 5. What is the ten thousands digit of l(4)?
1
Let h = 1812 - 1249. Let m = 913 - h. What is the tens digit of m?
5
Suppose 2*s - 7*t = -3*t + 276, 4*s - 539 = -5*t. What is the units digit of (-24034)/(-34) + 696/s + -5?
7
Let t(v) = -10*v + 204. Let n be t(20). Let r = n + 367. What is the tens digit of r?
7
Let c(l) = l**3 - 27*l**2 + 213*l - 173. What is the thousands digit of c(36)?
9
Let b = 15887 + 938. What is the ten thousands digit of b?
1
Let h = -31 - -15. Let r = -21 + h. Let b = r + 62. What is the units digit of b?
5
Suppose 14 = -18*b + 50. Suppose 3*s - 299 = -5*y + 278, 363 = b*s - y. What is the tens digit of s?
8
Suppose 2*o + 24 = 14*o. Suppose -2*v - 2*v + 5*u + 1642 = 0, o*v = 4*u + 818. What is the units digit of v?
3
Let x(i) = 698*i**2 - 470*i - 4. What is the thousands digit of x(6)?
2
Suppose -63*g - 58718 = -85*g. What is the units digit of g?
9
Suppose -5*m + 23451 = 4*c, -29280 = -5*c + m + 4*m. What is the hundreds digit of c?
8
Let u be -10 + (-3)/(-2) + 7/(-14). Let l be (2 - 1)/(u/(-3249)). Suppose -47 - l = -4*s. What is the units digit of s?
2
Let u be 7*1 + (25 - 30). What is the units digit of 29 + 2 + 1 - (u - 4)?
4
Suppose 2*g = -3*g + 10. Let h(y) = 3*y**2 - 8*y + 8. Let v be h(g). Suppose 0 = v*a + n - 539, -685 = -5*a + 4*n - 3*n. What is the units digit of a?
6
What is the thousands digit of ((-25)/(-20) - (-14836)/2)*8?
9
Let d(g) be the first derivative of 59/2*g**2 - 34 - 1/4*g**4 + 20*g + 8*g**3. What is the hundreds digit of d(26)?
2
Let p(t) = 61*t - 248. Let b be p(4). What is the tens digit of (-1)/((-19818)/78984 + (-1)/b)?
9
Let v(t) = 337*t + 421. What is the hundreds digit of v(25)?
8
Suppose -20 = 4*h, -h + 6*h + 41 = 4*a. Suppose -4*k - 24 = -a*v, 3 = -0*k + 4*k + 5*v. What is the tens digit of ((-20)/k)/(-5)*-12?
1
Suppose 0*i - 9*i - 63 = 0. Let s be 14/(-98) - 64/i. Let p = s - 5. What is the units digit of p?
4
Let z = 211 - 209. Suppose 0 = z*u + 4*u - 1368. What is the units digit of u?
8
What is the hundreds digit of -6 - ((-25 - -20) + -41655)?
6
Let s = -43 + 45. Suppose -9 = -s*b + 1. Suppose 0*f + 7 = f - b*k, -5*f = -k - 59. What is the tens digit of f?
1
What is the hundreds digit of (-31756)/(-6) - ((-84)/9 - -7)?
2
Suppose 431*z - w - 57309 = 426*z, -2*w = -5*z + 57303. What is the units digit of z?
3
Suppose 9*x - 4 = 5. Let t be (520/6 - (-11)/33) + x. Let n = t + 52. What is the tens digit of n?
4
Let f(a) = -4*a - 30 + 38*a - 8 - 16 + 32*a. What is the hundreds digit of f(8)?
4
Let h(w) = w**3 - 35*w**2 + w - 39. Let y(n) = -n**3 + 3*n**2 + n + 1. Let u(f) = h(f) + 2*y(f). What is the tens digit of u(-30)?
7
Let w(y) = -y**2 + 57*y - 107. Let u(t) = -34*t - 60. Let c be u(-3). What is the hundreds digit of w(c)?
5
Let d = 9061 - 4302. What is the units digit of d?
9
Suppose -12*v + 74674 + 13406 = 0. What is the hundreds digit of v?
3
Let x = 1195 - -499. What is the units digit of x?
4
Suppose 4*f - 5*f - 556 = -4535. What is the tens digit of f?
7
Let l = 15 - 13. Suppose -n = l - 5. Suppose -2*r - y + 13 = 0, y + 38 = 2*r - n*y. What is the units digit of r?
9
Let u(h) = h - 11. Let y be u(6). Let o(b) = -48*b + 31. What is the tens digit of o(y)?
7
Suppose 51 = i - 247. Suppose 4*k - 206 = i. Suppose 0*a + z = -a + k, z = -2*a + 257. What is the units digit of a?
1
Suppose 2*t - 2*w - 66 = -2*t, -43 = -2*t + 3*w. Suppose 0 = 3*d - t + 2. Suppose d*c + 141 - 489 = 0. What is the units digit of c?
7
Suppose -5*o + g = -0*g + 43, 0 = 4*o + 4*g + 44. What is the tens digit of -3*6/4*1662/o?
3
Suppose 5*j - 7*j = -18. Let c(y) = -4 + y**3 + j*y + 18*y**2 + 9 - 6*y**2 + 4. What is the units digit of c(-11)?
1
Suppose 2*m + 8 = 0, 13*d - 2*m = 8*d + 23523. What is the thousands digit of d?
4
Suppose 4*l - 32 = -0*l. What is the hundreds digit of (l/18)/2 - (-1393)/9?
1
What is the hundreds digit of 217*12/(-210)*(-1155)/1?
3
Suppose 4*v - 5*k = 830, 4*v - 838 = k - 0*k. Let o(g) = 10*g + 2*g**2 + 7*g - v + 212. What is the tens digit of o(-13)?
1
Suppose 2*r + 4*y - 140 = 0, -185 = -3*r - 0*r - y. Let t be (0 - r/(-14)) + (-8)/28. What is the tens digit of 152/(-24)*(-6)/t*4?
3
What is the units digit of (-1 - -757)*(-273)/(-63)?
6
Suppose x + 0*x = 9*x. Suppose -14*b = -x*b - 1722. What is the hundreds digit of b?
1
Let g(y) = -91*y + 1654. What is the hundreds digit of g(-10)?
5
Let i(d) = -11*d - 20. Let q be i(-2). What is the units digit of 3114/12 - ((-5)/q)/(-5)?
9
Suppose -4*k = 2*z + 236, -k + 538 = -4*z + 66. Let x = z - 298. Let v = x - -636. What is the tens digit of v?
2
Let l(s) = 51*s**3 - 7*s**2 + 39*s - 193. What is the hundreds digit of l(5)?
2
Let p be (2746/(-3))/(4/(-6)). Suppose -p = -2*d - d + y, -3*y = 15. Suppose 9*j = 3*j + d. What is the units digit of j?
6
Let g = 6573 + -4624. Let q = -1124 + g. What is the tens digit of q?
2
Suppose 5*d - 3 = 8*d. Let b(j) = 22*j + 1. Let v be b(d). Let w(t) = t**3 + 22*t**2 + 16*t + 1. What is the hundreds digit of w(v)?
1
Let j(k) = 743*k + 200. What is the units digit of j(8)?
4
Let z be -3 - (2 + (-26)/8)*4. Suppose -u = -5*w - 3, -z*w + 4 = -2*u + 3*w. Let v(p) = -15*p - 1. What is the hundreds digit of v(u)?
1
Let z(i) = -18*i - 43. Let u be (-2175)/105 - (-2)/(-7). Let f be z(u). Suppose f = 2*r - 0*w - w, -3*r - 5*w + 509 = 0. What is the hundreds digit of 